(4)?
70
Let z(i) = i**2 + 32*i - 22. Calculate z(-34).
46
Let t(d) = -11*d - 32. Give t(-4).
12
Let s(z) = z**2 + 17*z - 177. What is s(7)?
-9
Let p(o) = o**3 - 12*o**2 + 22*o - 18. Determine p(10).
2
Let c(x) = -x + 47. Determine c(15).
32
Let n(x) = 5*x + 5. Give n(-2).
-5
Let v(k) = -5*k**2 - 24. Calculate v(5).
-149
Let q(j) = 14*j - 35. What is q(-4)?
-91
Let f(c) = 4*c**2 - 4*c - 5. Determine f(4).
43
Let x(z) = -z**3 + 8*z**2 - 2*z + 8. Calculate x(8).
-8
Let i(p) = -p**3 + 6*p**2 - 6*p - 7. Determine i(6).
-43
Let y(n) = n**3 + 26*n**2 - n - 31. Determine y(-26).
-5
Let n(d) = -d**3 + 7*d**2 - 3*d + 2. Give n(7).
-19
Let l(w) = w**3 - 15*w**2 + 33*w - 68. Calculate l(13).
23
Let m(g) = -g**3 + 2*g**2 + g - 9. Determine m(-3).
33
Let b(a) = 2*a**2 + a. Calculate b(-2).
6
Let p(z) = -2*z**2 - 5*z + 5. Determine p(-4).
-7
Let r(h) = -h**2 + 5*h - 5. Calculate r(4).
-1
Let n(h) = -h**3 + 29*h**2 + 30*h + 14. What is n(30)?
14
Let x(s) = -9*s - 24. Calculate x(-3).
3
Let t(h) = h**2 + 10*h + 15. What is t(-7)?
-6
Let b(v) = 10*v - 26. Calculate b(3).
4
Let u(i) = i**2 - 4*i + 2. Calculate u(2).
-2
Let g(b) = b - 19. Determine g(-11).
-30
Let b(c) = -2*c + 4. Give b(-3).
10
Let r(w) = -w**2 - 9*w. What is r(-5)?
20
Let d(r) = 14*r + 1. Give d(-1).
-13
Let n(l) = l**3 - 8*l**2 + 15*l + 2. Give n(7).
58
Let w(o) = o**3 - 16*o**2 + 17*o - 21. Calculate w(15).
9
Let i(n) = 31*n + 12. Calculate i(-3).
-81
Let g(y) = -3*y - 21. Give g(-9).
6
Let p(f) = -f**2 - 5*f - 8. What is p(-4)?
-4
Let w(l) = 2*l + 7. Determine w(8).
23
Let r(c) = -6*c**3 + 3*c**2 - 3*c - 4. Determine r(2).
-46
Let k(l) = 174*l**3 + l**2 - l - 2. What is k(-1)?
-174
Let h(l) = -l**2 + 7*l - 2. Determine h(8).
-10
Let g(r) = -25*r**2 + r. What is g(1)?
-24
Let s(m) = -14*m**3 - m**2 - m. Determine s(2).
-118
Let d(n) = -n**2 - 6*n + 31. What is d(4)?
-9
Let p(l) = 2*l + 10. Calculate p(-6).
-2
Let m(g) = 9*g - 114. What is m(11)?
-15
Let c(n) = -n**2 - 16*n - 45. Give c(-13).
-6
Let c(u) = -u + 43. Calculate c(31).
12
Let y(b) = 3*b**3 + b**2 - 4*b - 10. Determine y(-2).
-22
Let v(b) = -b**3 + 11*b**2 + 11*b + 17. Calculate v(12).
5
Let g(n) = 18*n + 97. Calculate g(-5).
7
Let r(d) = -10*d. Calculate r(3).
-30
Let j(o) = -9*o**3 + 43*o**2 + 5*o + 8. What is j(5)?
-17
Let j(w) = w**2 + 1. Give j(-2).
5
Let j(d) = -d**3 - 7*d**2 - 10*d - 19. What is j(-6)?
5
Let j(p) = p**3 - 9*p**2 - 12*p + 15. Determine j(10).
-5
Let w(p) = -p**2 - 10*p - 11. Calculate w(-8).
5
Let d(a) = a**2 + 4*a + 6. Calculate d(-4).
6
Let d(y) = -y**3 - 9*y**2 - 18*y + 12. Determine d(-5).
2
Let u(r) = -r**2 + 32*r - 60. Give u(30).
0
Let k(j) = -3*j**2 - 27*j - 51. Determine k(-6).
3
Let y(u) = -u**2 + 4*u + 23. Give y(9).
-22
Let c(o) = -o**2 + 19*o - 47. Calculate c(17).
-13
Let r(x) = -x. Determine r(-4).
4
Let p(r) = r**3 - 9*r**2 + r - 10. What is p(9)?
-1
Let v(y) = -14*y**2. Give v(-1).
-14
Let a(v) = v**2 + 18*v + 4. Give a(-19).
23
Let t(i) = i**2 - 4*i - 73. Determine t(11).
4
Let b(l) = 4*l + 9. What is b(-5)?
-11
Let w(i) = i**3 + 19*i**2 - 66*i - 16. Give w(-22).
-16
Let u(y) = 4*y - 3. Calculate u(2).
5
Let v(z) = 2*z**2 + 30*z - 2. What is v(-15)?
-2
Let i(q) = 45*q + 21. What is i(3)?
156
Let q(i) = i**3 - 18*i**2 + 4*i - 77. What is q(18)?
-5
Let q(z) = -z**3 - z**2 + 2*z - 7. Give q(-3).
5
Let y(v) = -4*v**2 + 22*v + 4. Calculate y(6).
-8
Let h(u) = u**2 + 51*u + 177. What is h(-47)?
-11
Let i(r) = -2*r + 6. Give i(3).
0
Let l(b) = -3*b**2 + 5*b - 11. What is l(5)?
-61
Let g(b) = -b**3 - 4*b**2 - 14*b - 38. What is g(-3)?
-5
Let x(y) = y**2 + 17*y + 11. What is x(-15)?
-19
Let n(y) = -8*y - 44. Give n(-16).
84
Let h(q) = q**3 + 6*q**2 - 10*q - 4. Give h(-7).
17
Let g(b) = b**3 - 49*b**2 + 49*b - 54. What is g(48)?
-6
Let y(s) = -s**3 - s**2 - 21. What is y(0)?
-21
Let r(o) = -22*o**3 + o**2 + o + 1. Calculate r(-1).
23
Let t(u) = -u**2 - 23*u - 45. What is t(-23)?
-45
Let l(g) = -7*g. Determine l(1).
-7
Let c(h) = -h**3 - 27*h**2 + 26*h - 50. What is c(-28)?
6
Let f(m) = 14*m - 19. Determine f(-4).
-75
Let n(m) = -m**2 + 14*m - 22. Calculate n(12).
2
Let c(z) = 6*z**3 + 2*z**2 - 2*z - 1. Give c(-2).
-37
Let y(n) = -2*n - 12. What is y(-7)?
2
Let p(s) = -10*s - 12. What is p(4)?
-52
Let j(y) = -y**3 + 11*y**2 - 9*y - 3. Determine j(10).
7
Let h(m) = m**2 + 11*m + 15. Give h(-9).
-3
Let h(o) = o**2 - 13. Calculate h(-4).
3
Let i(s) = -s**2 - 67*s - 73. Determine i(-66).
-7
Let f(x) = 2*x**2 + 18*x + 33. Calculate f(-6).
-3
Let w(k) = k**3 - 10*k**2 - 4*k - 81. Calculate w(11).
-4
Let z(f) = 2*f + 19. Determine z(-10).
-1
Let l(q) = -q**2 - 9*q - 3. Calculate l(-8).
5
Let u(h) = -h**2 + 20*h + 34. Determine u(23).
-35
Let a(u) = -46*u**3 + 2*u**2 + 4*u + 3. Determine a(-1).
47
Let z(o) = o**2 + 2*o - 1. Give z(-2).
-1
Let g(r) = -3*r**2 - 58*r + 19. What is g(-20)?
-21
Let t(z) = 13*z + 1. Determine t(-3).
-38
Let t(z) = -z**2 - 14*z + 14. What is t(-13)?
27
Let k(s) = s**3 + 15*s**2 + 3*s + 36. Determine k(-15).
-9
Let x(c) = -c**3 + 21*c**2 + 23*c + 12. Determine x(22).
34
Let d(w) = 6*w + 13. Give d(-16).
-83
Let i(u) = -3*u - 11. Calculate i(-1).
-8
Let a(g) = 4*g**2 + 8*g + 3. Determine a(-3).
15
Let o(w) = 2*w**2 - 3*w - 2. What is o(-2)?
12
Let a(u) = u**2 - 55*u + 155. What is a(3)?
-1
Let k(a) = -3*a**2 + 12*a - 7. Calculate k(4).
-7
Let q(l) = 116*l - 11. Calculate q(0).
-11
Let z(k) = -k**3 + 14*k**2 - 23*k + 9. Give z(12).
21
Let l(a) = -2*a**3 + 21*a**2 + 38*a - 17. Give l(12).
7
Let r(k) = k**3 + 18*k**2 + 15*k - 21. Calculate r(-17).
13
Let j(f) = f**3 + 9*f**2 + 11*f + 5. Determine j(-5).
50
Let l(k) = 2*k**2 - 9*k + 3. Determine l(5).
8
Let a(f) = -3*f**2 + 30*f - 6. Give a(10).
-6
Let t(u) = -u**3 - 3*u**2 - 3*u - 4. Give t(-2).
-2
Let f(k) = 21*k - 2. Calculate f(-4).
-86
Let u(w) = -3*w + 41. What is u(7)?
20
Let l(z) = -10*z. What is l(4)?
-40
Let f(x) = -x**3 - 12*x**2 + 12*x - 10. Determine f(-13).
3
Let v(r) = r + 1. What is v(-2)?
-1
Let o(z) = 2*z**2 + 20*z + 24. Calculate o(-10).
24
Let q(n) = 5*n**2 + 114*n - 25. What is q(-23)?
-2
Let z(s) = 7*s - 221. What is z(32)?
3
Let f(n) = -9*n**2 - 2*n + 2. Determine f(-2).
-30
Let g(c) = 16*c + 80. Calculate g(-5).
0
Let j(a) = 19*a - 25. Give j(5).
70
Let z(f) = -23*f**2 + 3*f - 3. What is z(1)?
-23
Let g(r) = 4*r - 3. Determine g(-3).
-15
Let o(p) = 6*p + 38. Calculate o(-6).
2
Let a(n) = -n**2 + 2*n - 3. What is a(3)?
-6
Let m(v) = 16*v - 15. What is m(1)?
1
Let x(z) = 2*z + 2. Give x(-7).
-12
Let b(z) = -7*z - 104. Give b(-15).
1
Let i(q) = 4*q**3 + 4*q**2 + 2*q - 1. Determine i(-2).
-21
Let k(d) = -27*d - 29. Calculate k(-2).
25
Let y(q) = q**3 - 13*q**2 + 2*q - 40. Give y(13).
-14
Let s(i) = i**2 + 2*i - 23. Calculate s(-7).
12
Let s(g) = g - 2. Give s(7).
5
Let g(n) = 30*n**2 + 23*n - 2. Calculate g(-1).
5
Let w(z) = -8*z + 42. Determine w(5).
2
Let o(n) = -2*n + 73. What is o(28)?
17
Let w(u) = -u**3 + 12*u**2 + 47*u + 8. Give w(-3).
2
Let b(c) = -11*c - 15. Calculate b(-2).
7
Let w(h) = h + 16. Give w(-6).
10
Let o(c) = -28*c - 3. Calculate o(1).
-31
Let u(v) = v**2 - 7. Calculate u(0).
-7
Let s(m) = -m + 26. Determine s(8).
18
Let g(f) = f + 1. Give g(4).
5
Let b(g) = -g**2 + 6*g + 1. Calculate b(6).
1
Let a(h) = 7*h**2. Calculate a(-1).
7
Let r(u) = 3*u**3 - 4*u**2 + u + 1. Determine r(-3).
-119
Let t(q) = q**2 - 18*q + 35. Determine t(16).
3
Let v(i) = -3*i**2 - 3*i - 3. What is v(-3)?
-21
Let m(y) = 2*y - 33. Calculate m(21).
9
Let v(s) = -s**3 - 9*s**2 + s + 3. Give v(-8).
-69
Let p(s) = s**3 + 23*s**2 + 21*s - 22. Give p(-22).
0
Let a(u) = u**2 - 8*u + 11. Calculate a(8).
11
Let t(d) = -d - 8. Determine t(-8).
0
Let b(t) = -22*t + 1. Calculate b(-1).
23
Let k(b) = b**3 + 7*b**2 - b - 7. Determine k(-7).
0
Let l(s) = s**2 - 20*s - 87. Calculate l(22).
-43
Let d(q) = q**3 + 7*q**2 + 3*q + 15. Calculate d(-7).
-6
Let l(h) = -10*h**2 + 8*h + 5. Give l(-1).
-13
Let v(o) = -22*o**3 - 2*o**2 + 8*o + 8. Determine v(-1).
20
Let u(l) = -13*l**2 + 60*l - 7. What is u(5)?
-32
Let b(d) = -6*d - 11. What is b(-8)?
37
Let d(p) = -2*p**2 - 41*p - 51. Determine d(-18).
39
Let f(m) = -m**2 - 9*m - 22. Determine f(-5).
-2
Let n(r) = -7*r - 150. Give n(-20).
-10
Let w(m) = m**3 - m + 82. Calculate w(0).
82
Let d(v) = -